 280. What is the units digit of n(8)?
2
Suppose 9 = -4*g + 17. Suppose 3*s - 1620 = -g*o - 448, 0 = o + 5*s - 593. What is the hundreds digit of o?
5
Suppose -9*g = 4*z - 5*g, -z = 4*g. Let l(y) = -y + 209. What is the units digit of l(z)?
9
Let h(p) = -240*p + 56*p - 27 + 58*p + 61*p + 60*p. What is the tens digit of h(-14)?
4
Let l be (-4)/((-24)/(-105))*8/(-5). What is the tens digit of (-6)/(-2) - (l/(-4) + -261)?
7
Let l = -3554 + 3583. What is the units digit of l?
9
Let v = -48 + 48. Suppose v = -4*u + q - 3*q + 26, -3*q - 6 = -3*u. What is the hundreds digit of -2 + u/10 - 710/(-4)?
1
Suppose -4 = 2*c - 2, 4*t - 2185 = c. Suppose r + p - 530 = 0, -3*r + 3*p + t = -1074. What is the hundreds digit of r?
5
Let q be (-260)/10*14/(-4). Let t = q + -88. Suppose -3*y - 125 = -a, y - 8 = t*y. What is the hundreds digit of a?
1
Let x be ((-12)/(-16) - 6/8) + -235. Let f = -136 - x. What is the units digit of f?
9
Let y(q) = 181*q**3 - 50*q**2 + 79*q + 14. What is the thousands digit of y(6)?
7
Let h = 50998 - 27139. What is the units digit of h?
9
Let j(r) = -r**3 - 7*r**2 - 2*r - 14. Let x be j(-7). Suppose y - d - 126 = x, -162 = 4*y + 3*d - 638. What is the hundreds digit of y?
1
Let u = 6220 - -11564. What is the units digit of u?
4
Suppose -2*h + 10 = 0, -2*t = -4*h - 153 - 241. Let r = t - 68. What is the hundreds digit of r?
1
Let m = -741 - -1525. Suppose -260 - m = -6*r. Suppose 5*x - 221 = r. What is the tens digit of x?
7
Let l(b) = -b**3 + 5*b**2 - 5*b + 4. Let n be l(3). Suppose -3*v - 7 = -x, 2*x + 2*v = x + n. Suppose x*p - 196 = -0*p. What is the tens digit of p?
2
Let o(c) be the second derivative of -5*c**4/12 + 5*c**3/6 - 11*c**2/2 - 20*c. Let t be o(3). Let g = -11 - t. What is the tens digit of g?
3
Let b = 27688 + -17078. What is the thousands digit of b?
0
Suppose -33*w - 44*w + 741484 - 40553 = 0. What is the hundreds digit of w?
1
Let n be 5/(-10) - (-11)/2. Suppose k + j + 567 = 3*k, n*k = j + 1419. What is the hundreds digit of k?
2
Suppose -30 = -14*t - t. What is the units digit of (t*(-3)/(-30))/((-1)/(-565))?
3
Suppose 2*y + 3*g = g - 44, -5*y - 104 = 2*g. Let s be (-4 - y)*-2*(0 - 5). Let k = 241 - s. What is the tens digit of k?
8
Suppose 5*w + 195 = 2*w. Let c be ((180 - 3)*(2 + -3))/(-1). Let y = c + w. What is the tens digit of y?
1
Suppose 0 = -14*g + 39*g. Suppose -5*y = -11*z + 6*z + 2420, -y + 1 = g. What is the units digit of z?
5
Suppose 0 = -73*v + 324250 - 37360. What is the units digit of v?
0
What is the thousands digit of (-85128)/(-16) - (-1)/(12/(-6))?
5
Let q(f) = 3*f**2 - 4*f + 8. Let s be ((-10)/3)/(-5 + (-16)/(-3)). What is the tens digit of q(s)?
4
Let r = 24 + -19. Suppose -u = r*m, 3*u - m = -102 + 22. What is the units digit of (80/u)/(6/(-15))?
8
Let r be (21/(-5))/((-3 - 4)/18515). Suppose 1691*z = 1684*z + r. What is the thousands digit of z?
1
Suppose 4470 = t - 5*a, -3*t + 13390 = -13*a + 8*a. What is the tens digit of t?
6
Let c(i) = i**3 - 4*i**2 - 4*i - 2. Let k be c(4). Let j = k - -22. Suppose 2*o = 2*n + 48, 5*o + 44 = 7*o - j*n. What is the tens digit of o?
2
Let u(v) = 128*v**2 + 62*v - 208. What is the ten thousands digit of u(-22)?
6
Let w be (-402)/4*6/(-9). Let o = 87 + w. Suppose -o = -2*b + 4*z, 0*b + b - 80 = -z. What is the units digit of b?
9
Suppose -3*q = 49 - 151. What is the tens digit of 2536/6 - q/51?
2
Let s = -23 - -11. Let c be -9*((-20)/s - 2). Suppose -2*t = -c*w + t + 300, -3*w + 300 = -2*t. What is the tens digit of w?
0
Suppose -731*i + 704*i + 807381 = 0. What is the units digit of i?
3
Suppose -9*g + 4*g - 29315 = -5*o, 0 = 5*o - 2*g - 29312. What is the thousands digit of o?
5
Let v = 63 + -60. Suppose 0*m + 20 = v*u - 5*m, -u - 3*m = -2. Suppose 4*r = -3*p + 805, 786 = u*r + 5*p - 214. What is the tens digit of r?
0
Let c(t) = -7*t - 1. Let m be c(-18). Let q = 375 - m. What is the tens digit of q?
5
Let b be (-2 - 1) + 7 + -26. Let a(v) = 2*v**3 + 45*v**2 - 13*v - 42. What is the units digit of a(b)?
8
What is the tens digit of (-1293680)/(-170) - (-56)/476?
1
Let q be ((-22)/(-8) - 2)/(6/40). Suppose -4*u = 3*o - 781, q*o = 4*u + 1417 - 94. What is the hundreds digit of o?
2
Let w(p) = -7*p**2 - 54*p + 49. Let j(v) = -3*v**2 - 26*v + 23. Let c(y) = -5*j(y) + 2*w(y). What is the hundreds digit of c(17)?
6
Let u be 14289/18 - 1/(-6). Suppose u + 916 = 6*n. What is the hundreds digit of n?
2
Let n(s) = -2*s - 4. Suppose 0 = -8*p + 3*p - 20. Let x be n(p). What is the units digit of (8 - x) + (56 - -2)?
2
Let o = -13 + 34. What is the hundreds digit of (-2 + -9 - 3)*(-954)/o?
6
Suppose -2*u + x + 210 - 14 = 0, 3*x + 12 = 0. Let t be ((-256)/u)/(4/(-6)). Suppose 726 = t*s + 2*m, 4*s - 4*m = s + 539. What is the units digit of s?
1
Let p = 40133 + 1535. What is the units digit of p?
8
Let h(v) be the second derivative of -v**3/6 + 25*v**2/2 - 31*v. Let t be h(-7). Suppose 2*a - 244 = t. What is the tens digit of a?
3
Let t = 512 + 386. Let c = 4 - 4. Suppose -4*q = 2*w - t, -5*q + c*w - 2*w = -1122. What is the hundreds digit of q?
2
Suppose 90455 + 29454 = 19*n. What is the thousands digit of n?
6
Suppose 2*a - 4*i = 19348, -1014*i + 9678 = a - 1015*i. What is the units digit of a?
2
Suppose -2*p + 9479 = -3*m, 0 = -359*p + 354*p + 2*m + 23692. What is the units digit of p?
8
Let u be (-6)/14 - 44/28. Let a be ((-3)/9)/(u/(-18)). What is the units digit of 63 + a/(-3)*2?
5
Suppose 55379 + 23299 = 54*s. What is the tens digit of s?
5
What is the thousands digit of 5/10*(-1 - -6 - -49121)?
4
Let j(r) = 250*r - 5. Let c be j(1). Let u = -101 + c. What is the units digit of u?
4
Let h = -4570 - -9693. What is the thousands digit of h?
5
Let r be (-3 + 1)*(-42)/18*-3. Let q(c) = -7*c - 43. Let i be q(r). Suppose -i = -2*f - b + 143, 3*f - 5*b - 271 = 0. What is the tens digit of f?
9
Let l = -2519 - -9196. What is the hundreds digit of l?
6
What is the hundreds digit of (-382 + 325)*(3092/(-6) - -1)?
3
Let k = 9988 + 2070. Suppose -9*y = -k + 1249. What is the hundreds digit of y?
2
Suppose 4*j = 6*v - 2*v + 3112, -2*j + 1554 = -3*v. Suppose 24*k - j = 21*k. Suppose k = -14*g + 2066. What is the units digit of g?
9
Let h(l) = 2875*l**2 - 15*l + 10. What is the units digit of h(2)?
0
Let s(a) be the second derivative of -a**5/20 - 7*a**4/6 + 23*a**3/6 + 5*a**2/2 - 13*a. What is the hundreds digit of s(-16)?
1
Suppose 0 = 2*l + 8*a - 11*a - 13942, -5*l + a = -34829. What is the thousands digit of l?
6
Let g(z) = -2*z**2 - 10*z - 17. Let d be g(-4). What is the tens digit of (366/15 + 0)/(d/(-315))?
5
Let l = -60653 + 100032. What is the thousands digit of l?
9
Let w(y) = -108*y + 1. Let i be w(-3). Let f be -219 + (-16 - (-32)/8) + 23. Let o = i + f. What is the units digit of o?
7
Suppose -5*o + 7*z = 5*z - 30, 0 = -2*z - 10. Let c(p) = -p**3 + 3*p - 12 + 32 + o*p**2 - 13. What is the units digit of c(-3)?
1
Let p = 245 - 384. Let y = p - -410. What is the tens digit of y?
7
Let u be (1 - 14/10)/(4/10). What is the units digit of (22/(-2))/(-1*u/(-11))?
1
Let n(g) = 5*g**2 + 21*g - 48. Let z be n(-24). Let a = z - 985. What is the hundreds digit of a?
3
Let v(y) = 33*y**2 + 25*y + 472. What is the units digit of v(-13)?
4
Let t(m) = 6972*m**2 - 17*m - 11. What is the units digit of t(-1)?
8
Let r(h) = 3116*h - 1940. What is the units digit of r(6)?
6
Let w(q) be the first derivative of -q**4/4 + 17*q**3/3 + 35*q**2/2 - 27*q + 194. What is the tens digit of w(16)?
8
Let v(q) = 79*q**2 + q - 4. Let w be 3 + (6 - (-12)/(-6) - 9). What is the tens digit of v(w)?
1
Let z(u) = -u**3 + 2*u**2 + 6*u + 1808. What is the hundreds digit of z(0)?
8
Let d(r) = 1465*r**2 + 193*r - 743. What is the hundreds digit of d(4)?
4
Suppose -535 = -28*x + 4197. Suppose 618 = -x*t + 171*t. What is the tens digit of t?
0
Let c(a) = -130*a + 2. Suppose -4*b - 6*m = -2*m + 12, 1 = 3*b + m. Let j be ((-4)/8)/(1/b). What is the tens digit of c(j)?
3
Suppose -z - 2 = -4. Suppose -z*q = -1850 + 656. What is the tens digit of q?
9
What is the ten thousands digit of 6356*2 - (-7 - -13 - 8)?
1
Suppose -y = 3*d - 80117, 5*d - 115*y - 133531 = -117*y. What is the hundreds digit of d?
7
Let s = 115 + -115. Suppose b + 9*b - 3350 = s. What is the units digit of b?
5
Let k = 60 + -111. Let 